{"id":349,"date":"2014-08-23T01:58:18","date_gmt":"2014-08-22T23:58:18","guid":{"rendered":"http:\/\/blog.kgyt.eu\/hu\/?page_id=349"},"modified":"2014-08-23T02:35:56","modified_gmt":"2014-08-23T00:35:56","slug":"omerszamlalas","status":"publish","type":"page","link":"https:\/\/blog.kgyt.eu\/hu\/rolam\/hitem\/zsido-szarmazasom\/omerszamlalas\/","title":{"rendered":"\u00d3mersz\u00e1ml\u00e1l\u00e1s"},"content":{"rendered":"<p><strong>Szfir\u00e1t h\u00e1omer <\/strong><em>(h\u00e9ber\u00fcl: <\/em><span lang=\"he\">\u05e1\u05e4\u05d9\u05e8\u05ea \u05d4\u05e2\u05d5\u05de\u05e8<\/span><em>, r\u00f6viden: szfir\u00e1, szefira, \u201esz\u00e1ml\u00e1l\u00e1s\u201d).<\/em><\/p>\n<p>Az \u00f3kori Izraelben <a href=\"http:\/\/blog.kgyt.eu\/hu\/rolam\/hitem\/zsido-szarmazasom\/peszah\/\" title=\"P\u00e9szah\">p\u00e9szah<\/a> <em>(h\u00e9ber \u00edr\u00e1ssal:<\/em> <span lang=\"he\">\u05e4\u05e1\u05d7<\/span><em>, h\u00fasv\u00e9t, g\u00f6r\u00f6g\u00fcl: <span lang=\"el\">\u03c0\u03ac\u03c3\u03c7\u03b1<\/span>)<\/em> m\u00e1sodik napj\u00e1n kezd\u0151d\u00f6tt az \u00e1rpa arat\u00e1sa, ezen a napon kezdt\u00e9k el az <em>\u00f3mersz\u00e1ml\u00e1l\u00e1st<\/em>, mely a <em>hetek \u00fcnnep\u00e9n<\/em>, <a href=\"http:\/\/blog.kgyt.eu\/hu\/rolam\/hitem\/zsido-szarmazasom\/savuot\/\" title=\"S\u00e1vu\u00f3t\">s\u00e1vuotkor<\/a> \u00e9rt v\u00e9get (ekkor ettek el\u0151sz\u00f6r \u00faj kenyeret).<\/p>\n<h2>Az \u00f3mersz\u00e1ml\u00e1l\u00e1s m\u00f3dja \u00e9s c\u00e9lja<\/h2>\n<p>A sz\u00e1mol\u00e1ssal \u00f6sszek\u00f6tik a politikai szabadul\u00e1s \u00fcnnep\u00e9t (p\u00e9szah) a szellemi, lelki szabadul\u00e1s \u00fcnnep\u00e9vel (s\u00e1vuot), melyen a T\u00f3ra \u00e1tv\u00e9tel\u00e9t \u00e9s egyben Isten megnyilatkoz\u00e1s\u00e1t \u00fcnneplik.<\/p>\n<p>\u00dagy sz\u00e1molj\u00e1k a napokat (\u00e9s heteket), hogy naponta egy-egy kal\u00e1szt f\u00e9lretesznek, s ha h\u00e9t kal\u00e1sz \u00f6sszegy\u0171lik, k\u00e9v\u00e9be (h\u00e9ber\u00fcl: \u00f3mer) fonj\u00e1k \u0151ket. Amikor a h\u00e9t k\u00e9ve \u00f6sszegy\u0171lt, a k\u00f6vetkez\u0151 (az \u00f6tvenedik) napon tartj\u00e1k az \u00faj keny\u00e9r \u00fcnnep\u00e9t <em>(h\u00e9ber nyelven: s\u00e1vuot \u2013<\/em> <span lang=\"he\">\u05e9\u05d1\u05d5\u05e2\u05d5\u05ea<\/span><em>, jelent\u00e9s: hetek \u00fcnnepe)<\/em>, melyet a mai kereszt\u00e9nys\u00e9g p\u00fcnk\u00f6sd <em>(g\u00f6r\u00f6g nyelven: pent\u00e9koszt\u00e9 \u2013 <span lang=\"el\">\u03c0\u03b5\u03bd\u03c4\u03b7\u03ba\u03cc\u03c3\u03c4\u03b7<\/span>)<\/em> n\u00e9ven tart meg.<\/p>\n<p>A sz\u00e1ml\u00e1l\u00e1s egy esti \u00e1ld\u00e1s form\u00e1j\u00e1ban val\u00f3sul meg.<\/p>\n<blockquote><p>\u201e\u00c1ldott vagy Te, \u00d6r\u00f6kk\u00e9val\u00f3 Isten\u00fcnk, a Vil\u00e1g Ura, ki megszentelt minket parancsolataival, s meghagyta nek\u00fcnk az omer sz\u00e1ml\u00e1l\u00e1s\u00e1t!\u201d<\/p><\/blockquote>\n<p>Az \u00e1ld\u00e1s ut\u00e1n megeml\u00edtik a sz\u00e1molt napok sz\u00e1m\u00e1t (\u00e9s ugyanezt hetekkel).<\/p>\n<p>Az elfelejtett sz\u00e1mol\u00e1s m\u00e1snap p\u00f3tolhat\u00f3, \u00e1m ilyenkor az \u00e1ld\u00e1st nem szabad mondani, hosszabb idej\u0171 kihagy\u00e1s eset\u00e9n a sz\u00e1mol\u00e1st \u00e1ld\u00e1smond\u00e1s n\u00e9lk\u00fcl kell v\u00e9gig elv\u00e9gezni. Arra a k\u00e9rd\u00e9sre, hogy <em>h\u00e1nyadik napja van az \u00f3mernek<\/em>, nem v\u00e1laszolnak egyenesen a zsid\u00f3k, \u00e1ltal\u00e1ban az el\u0151z\u0151 nap sz\u00e1m\u00e1t k\u00f6zlik, mert a sz\u00e1mot csak az \u00e1ld\u00e1s ut\u00e1n mondhatj\u00e1k ki.<\/p>\n<p>P\u00e9nteken este a zsinag\u00f3g\u00e1ban a kidus ut\u00e1n kell az \u00f3mert sz\u00e1molni, szombaton pedig a h\u00e1vd\u00e1l\u00e1 el\u0151tt, mivel p\u00e9nteken este igyekeznek min\u00e9l el\u0151bb megszentelni a szombatot, \u00e9s szombaton min\u00e9l k\u00e9s\u0151bbre halasztani a b\u00facs\u00fat.<\/p>\n<h2>A gy\u00e1sz napjai<\/h2>\n<p>Az \u00f3mersz\u00e1ml\u00e1l\u00e1s idej\u00e9n pestis puszt\u00edtott \u00c1kiv\u00e1 rabbi tan\u00edtv\u00e1nyai k\u00f6z\u00f6tt. A j\u00e1rv\u00e1ny huszonn\u00e9gyezer \u00e1ldozat\u00e1ra gy\u00e1sszal eml\u00e9keznek. Ilyenkor nem tartanak esk\u00fcv\u0151t, nem v\u00e1gatnak hajat, tilos a t\u00e1nc \u00e9s a zene.<\/p>\n<p>A gy\u00e1sz L\u00e1g ba\u00f3merkor \u00e9r v\u00e9get. Az egyes zsid\u00f3 ir\u00e1nyzatok elt\u00e9r\u0151 harminch\u00e1rom napot jel\u00f6lnek meg a gy\u00e1sz idej\u00e9nek, mert a b\u00f6lcsek k\u00fcl\u00f6nb\u00f6z\u0151 id\u0151pontokat \u00e1llap\u00edtottak meg.<\/p>","protected":false},"excerpt":{"rendered":"<p>Szfir\u00e1t h\u00e1omer (h\u00e9ber\u00fcl: \u05e1\u05e4\u05d9\u05e8\u05ea \u05d4\u05e2\u05d5\u05de\u05e8, r\u00f6viden: szfir\u00e1, szefira, \u201esz\u00e1ml\u00e1l\u00e1s\u201d). Az \u00f3kori Izraelben p\u00e9szah (h\u00e9ber \u00edr\u00e1ssal: \u05e4\u05e1\u05d7, h\u00fasv\u00e9t, g\u00f6r\u00f6g\u00fcl: \u03c0\u03ac\u03c3\u03c7\u03b1) m\u00e1sodik napj\u00e1n kezd\u0151d\u00f6tt az \u00e1rpa arat\u00e1sa, ezen a napon kezdt\u00e9k el az \u00f3mersz\u00e1ml\u00e1l\u00e1st, mely a hetek \u00fcnnep\u00e9n, s\u00e1vuotkor \u00e9rt v\u00e9get (ekkor ettek el\u0151sz\u00f6r \u00faj kenyeret). Az \u00f3mersz\u00e1ml\u00e1l\u00e1s m\u00f3dja \u00e9s c\u00e9lja A sz\u00e1mol\u00e1ssal \u00f6sszek\u00f6tik a politikai szabadul\u00e1s [&hellip;]<\/p>\n","protected":false},"author":1,"featured_media":0,"parent":345,"menu_order":0,"comment_status":"open","ping_status":"open","template":"","meta":{"jetpack_post_was_ever_published":false,"footnotes":""},"jetpack_sharing_enabled":true,"jetpack_shortlink":"https:\/\/wp.me\/P7l1Cy-5D","_links":{"self":[{"href":"https:\/\/blog.kgyt.eu\/hu\/wp-json\/wp\/v2\/pages\/349"}],"collection":[{"href":"https:\/\/blog.kgyt.eu\/hu\/wp-json\/wp\/v2\/pages"}],"about":[{"href":"https:\/\/blog.kgyt.eu\/hu\/wp-json\/wp\/v2\/types\/page"}],"author":[{"embeddable":true,"href":"https:\/\/blog.kgyt.eu\/hu\/wp-json\/wp\/v2\/users\/1"}],"replies":[{"embeddable":true,"href":"https:\/\/blog.kgyt.eu\/hu\/wp-json\/wp\/v2\/comments?post=349"}],"version-history":[{"count":2,"href":"https:\/\/blog.kgyt.eu\/hu\/wp-json\/wp\/v2\/pages\/349\/revisions"}],"predecessor-version":[{"id":354,"href":"https:\/\/blog.kgyt.eu\/hu\/wp-json\/wp\/v2\/pages\/349\/revisions\/354"}],"up":[{"embeddable":true,"href":"https:\/\/blog.kgyt.eu\/hu\/wp-json\/wp\/v2\/pages\/345"}],"wp:attachment":[{"href":"https:\/\/blog.kgyt.eu\/hu\/wp-json\/wp\/v2\/media?parent=349"}],"curies":[{"name":"wp","href":"https:\/\/api.w.org\/{rel}","templated":true}]}}

Ómerszámlálás

<p><strong>Szfirát háomer </strong><em>(héberül: </em><span lang="he">ספירת העומר</span><em>, röviden: szfirá, szefira, „számlálás”).</em></p>
<p>Az ókori Izraelben <a href="http://blog.kgyt.eu/hu/rolam/hitem/zsido-szarmazasom/peszah/" title="Pészah">pészah</a> <em>(héber írással:</em> <span lang="he">פסח</span><em>, húsvét, görögül: <span lang="el">πάσχα</span>)</em> második napján kezdődött az árpa aratása, ezen a napon kezdték el az <em>ómerszámlálást</em>, mely a <em>hetek ünnepén</em>, <a href="http://blog.kgyt.eu/hu/rolam/hitem/zsido-szarmazasom/savuot/" title="Sávuót">sávuotkor</a> ért véget (ekkor ettek először új kenyeret).</p>
<h2>Az ómerszámlálás módja és célja</h2>
<p>A számolással összekötik a politikai szabadulás ünnepét (pészah) a szellemi, lelki szabadulás ünnepével (sávuot), melyen a Tóra átvételét és egyben Isten megnyilatkozását ünneplik.</p>
<p>Úgy számolják a napokat (és heteket), hogy naponta egy-egy kalászt félretesznek, s ha hét kalász összegyűlik, kévébe (héberül: ómer) fonják őket. Amikor a hét kéve összegyűlt, a következő (az ötvenedik) napon tartják az új kenyér ünnepét <em>(héber nyelven: sávuot –</em> <span lang="he">שבועות</span><em>, jelentés: hetek ünnepe)</em>, melyet a mai kereszténység pünkösd <em>(görög nyelven: pentékoszté – <span lang="el">πεντηκόστη</span>)</em> néven tart meg.</p>
<p>A számlálás egy esti áldás formájában valósul meg.</p>
<blockquote><p>„Áldott vagy Te, Örökkévaló Istenünk, a Világ Ura, ki megszentelt minket parancsolataival, s meghagyta nekünk az omer számlálását!”</p></blockquote>
<p>Az áldás után megemlítik a számolt napok számát (és ugyanezt hetekkel).</p>
<p>Az elfelejtett számolás másnap pótolható, ám ilyenkor az áldást nem szabad mondani, hosszabb idejű kihagyás esetén a számolást áldásmondás nélkül kell végig elvégezni. Arra a kérdésre, hogy <em>hányadik napja van az ómernek</em>, nem válaszolnak egyenesen a zsidók, általában az előző nap számát közlik, mert a számot csak az áldás után mondhatják ki.</p>
<p>Pénteken este a zsinagógában a kidus után kell az ómert számolni, szombaton pedig a hávdálá előtt, mivel pénteken este igyekeznek minél előbb megszentelni a szombatot, és szombaton minél későbbre halasztani a búcsút.</p>
<h2>A gyász napjai</h2>
<p>Az ómerszámlálás idején pestis pusztított Ákivá rabbi tanítványai között. A járvány huszonnégyezer áldozatára gyásszal emlékeznek. Ilyenkor nem tartanak esküvőt, nem vágatnak hajat, tilos a tánc és a zene.</p>
<p>A gyász Lág baómerkor ér véget. Az egyes zsidó irányzatok eltérő harminchárom napot jelölnek meg a gyász idejének, mert a bölcsek különböző időpontokat állapítottak meg.</p>

<p>Szfirát háomer (héberül: ספירת העומר, röviden: szfirá, szefira, „számlálás”). Az ókori Izraelben pészah (héber írással: פסח, húsvét, görögül: πάσχα) második napján kezdődött az árpa aratása, ezen a napon kezdték el az ómerszámlálást, mely a hetek ünnepén, sávuotkor ért véget (ekkor ettek először új kenyeret). Az ómerszámlálás módja és célja A számolással összekötik a politikai szabadulás [&hellip;]</p>
